{"id":5,"date":"2021-10-20T22:23:48","date_gmt":"2021-10-20T22:23:48","guid":{"rendered":"http:\/\/localhost\/wp\/?page_id=5"},"modified":"2021-10-25T13:29:36","modified_gmt":"2021-10-25T13:29:36","slug":"keszitse-el-webhelyet-blokkokkal","status":"publish","type":"page","link":"http:\/\/www.profex2000.hu\/czigler\/","title":{"rendered":"Kezd\u0151oldal"},"content":{"rendered":"\n<h2 class=\"alignwide has-text-align-center has-text-align-wide has-gigantic-font-size wp-block-heading\" style=\"line-height:1.1\">Czigler Vend\u00e9gh\u00e1z<br>7140 B\u00e1tasz\u00e9k Budai u.30.<\/h2>\n\n\n\n<div style=\"height:100px\" aria-hidden=\"true\" class=\"wp-block-spacer\"><\/div>\n\n\n\n<div class=\"wp-block-columns alignwide are-vertically-aligned-center is-style-twentytwentyone-columns-overlap is-layout-flex wp-container-core-columns-layout-1 wp-block-columns-is-layout-flex\">\n<div class=\"wp-block-column is-layout-flow wp-block-column-is-layout-flow\">\n<figure class=\"wp-block-gallery columns-1 is-cropped wp-block-gallery-1 is-layout-flex wp-block-gallery-is-layout-flex\"><ul class=\"blocks-gallery-grid\"><li class=\"blocks-gallery-item\"><figure><img decoding=\"async\" src=\"http:\/\/www.profex2000.hu\/czigler\/wp-content\/uploads\/2021\/10\/20210731_161111-masolata-1024x576.jpg\" alt=\"\" data-id=\"258\" data-full-url=\"http:\/\/www.profex2000.hu\/czigler\/wp-content\/uploads\/2021\/10\/20210731_161111-masolata.jpg\" data-link=\"https:\/\/www.profex2000.hu\/czigler\/20210731_161111-masolata\/\" class=\"wp-image-258\"\/><\/figure><\/li><\/ul><\/figure>\n<\/div>\n<\/div>\n","protected":false},"excerpt":{"rendered":"<p>Czigler Vend\u00e9gh\u00e1z7140 B\u00e1tasz\u00e9k Budai u.30.<\/p>\n","protected":false},"author":2,"featured_media":0,"parent":0,"menu_order":0,"comment_status":"closed","ping_status":"closed","template":"","meta":{"footnotes":""},"_links":{"self":[{"href":"http:\/\/www.profex2000.hu\/czigler\/wp-json\/wp\/v2\/pages\/5"}],"collection":[{"href":"http:\/\/www.profex2000.hu\/czigler\/wp-json\/wp\/v2\/pages"}],"about":[{"href":"http:\/\/www.profex2000.hu\/czigler\/wp-json\/wp\/v2\/types\/page"}],"author":[{"embeddable":true,"href":"http:\/\/www.profex2000.hu\/czigler\/wp-json\/wp\/v2\/users\/2"}],"replies":[{"embeddable":true,"href":"http:\/\/www.profex2000.hu\/czigler\/wp-json\/wp\/v2\/comments?post=5"}],"version-history":[{"count":6,"href":"http:\/\/www.profex2000.hu\/czigler\/wp-json\/wp\/v2\/pages\/5\/revisions"}],"predecessor-version":[{"id":308,"href":"http:\/\/www.profex2000.hu\/czigler\/wp-json\/wp\/v2\/pages\/5\/revisions\/308"}],"wp:attachment":[{"href":"http:\/\/www.profex2000.hu\/czigler\/wp-json\/wp\/v2\/media?parent=5"}],"curies":[{"name":"wp","href":"https:\/\/api.w.org\/{rel}","templated":true}]}}